{"id":64,"date":"2014-02-21T15:34:18","date_gmt":"2014-02-21T15:34:18","guid":{"rendered":"https:\/\/www.aprende-mas.es\/?page_id=64"},"modified":"2014-05-09T08:30:38","modified_gmt":"2014-05-09T08:30:38","slug":"ansiedad-infantil","status":"publish","type":"page","link":"https:\/\/www.aprende-mas.es\/?page_id=64","title":{"rendered":"Ansiedad Infantil"},"content":{"rendered":"<h3><a href=\"https:\/\/www.aprende-mas.es\/wp-content\/uploads\/2014\/02\/ansiedad-infantil.jpg\"><img decoding=\"async\" loading=\"lazy\" class=\"size-medium wp-image-65 alignright\" alt=\"ansiedad-infantil\" src=\"https:\/\/www.aprende-mas.es\/wp-content\/uploads\/2014\/02\/ansiedad-infantil-300x199.jpg\" width=\"300\" height=\"199\" srcset=\"https:\/\/www.aprende-mas.es\/wp-content\/uploads\/2014\/02\/ansiedad-infantil-300x199.jpg 300w, https:\/\/www.aprende-mas.es\/wp-content\/uploads\/2014\/02\/ansiedad-infantil.jpg 512w\" sizes=\"(max-width: 300px) 100vw, 300px\" \/><\/a><br \/>\nTodos los seres humanos experimentan ansiedad. Todos los ni\u00f1os sienten ansiedad.<\/h3>\n<p>Es de esperar y es normal que el ni\u00f1o se sienta ansioso en ciertos momentos espec\u00edficos de su desarrollo. Por ejemplo, los ni\u00f1os saludables pueden sentir ansiedad cuando se separan de sus padres o de otros seres queridos, cuando comienzan los ex\u00e1menes o existen cambios importantes a su alrededor. Los ni\u00f1os pueden tener temores de corta duraci\u00f3n, (como el miedo a la oscuridad, las tormentas, los animales o a los desconocidos).<\/p>\n<p>Sin embargo, cuando las ansiedades se vuelven severas, (se anticipan miedos exagerados e irreales) y empiezan a interferir con las actividades diarias de la infancia, tal como separarse de los padres para ir al colegio, realizar un trabajo en grupo, exponer en voz alta, acudir a una fiesta o hacer amigos, los padres deben de considerar el solicitar una evaluaci\u00f3n de un psic\u00f3logo de ni\u00f1os y adolescentes y su asesoramiento.<\/p>\n<p><strong>Desde Aprende M\u00e1s podemos ayudaros, encontraremos la mejor soluci\u00f3n.<\/strong><\/p>\n","protected":false},"excerpt":{"rendered":"<p>Todos los seres humanos experimentan ansiedad. Todos los ni\u00f1os sienten ansiedad. Es de esperar y es normal que el ni\u00f1o se sienta ansioso en ciertos momentos espec\u00edficos de su desarrollo. Por ejemplo, los ni\u00f1os saludables pueden sentir ansiedad cuando se separan de sus padres o de otros seres queridos, cuando comienzan los ex\u00e1menes o existen [&hellip;]<\/p>\n","protected":false},"author":1,"featured_media":0,"parent":12,"menu_order":9,"comment_status":"closed","ping_status":"open","template":"","meta":{"footnotes":""},"_links":{"self":[{"href":"https:\/\/www.aprende-mas.es\/index.php?rest_route=\/wp\/v2\/pages\/64"}],"collection":[{"href":"https:\/\/www.aprende-mas.es\/index.php?rest_route=\/wp\/v2\/pages"}],"about":[{"href":"https:\/\/www.aprende-mas.es\/index.php?rest_route=\/wp\/v2\/types\/page"}],"author":[{"embeddable":true,"href":"https:\/\/www.aprende-mas.es\/index.php?rest_route=\/wp\/v2\/users\/1"}],"replies":[{"embeddable":true,"href":"https:\/\/www.aprende-mas.es\/index.php?rest_route=%2Fwp%2Fv2%2Fcomments&post=64"}],"version-history":[{"count":1,"href":"https:\/\/www.aprende-mas.es\/index.php?rest_route=\/wp\/v2\/pages\/64\/revisions"}],"predecessor-version":[{"id":66,"href":"https:\/\/www.aprende-mas.es\/index.php?rest_route=\/wp\/v2\/pages\/64\/revisions\/66"}],"up":[{"embeddable":true,"href":"https:\/\/www.aprende-mas.es\/index.php?rest_route=\/wp\/v2\/pages\/12"}],"wp:attachment":[{"href":"https:\/\/www.aprende-mas.es\/index.php?rest_route=%2Fwp%2Fv2%2Fmedia&parent=64"}],"curies":[{"name":"wp","href":"https:\/\/api.w.org\/{rel}","templated":true}]}}