{"id":169,"date":"2014-03-03T16:31:06","date_gmt":"2014-03-03T16:31:06","guid":{"rendered":"https:\/\/www.aprende-mas.es\/?page_id=169"},"modified":"2014-05-09T08:30:55","modified_gmt":"2014-05-09T08:30:55","slug":"depresion","status":"publish","type":"page","link":"https:\/\/www.aprende-mas.es\/?page_id=169","title":{"rendered":"Depresi\u00f3n"},"content":{"rendered":"<h3><a href=\"https:\/\/www.aprende-mas.es\/wp-content\/uploads\/2014\/03\/depresion-2.jpg\"><img decoding=\"async\" loading=\"lazy\" class=\"size-medium wp-image-202 alignright\" alt=\"depresion-2\" src=\"https:\/\/www.aprende-mas.es\/wp-content\/uploads\/2014\/03\/depresion-2-300x213.jpg\" width=\"300\" height=\"213\" srcset=\"https:\/\/www.aprende-mas.es\/wp-content\/uploads\/2014\/03\/depresion-2-300x213.jpg 300w, https:\/\/www.aprende-mas.es\/wp-content\/uploads\/2014\/03\/depresion-2.jpg 490w\" sizes=\"(max-width: 300px) 100vw, 300px\" \/><\/a>La depresi\u00f3n no es s\u00f3lo una alteraci\u00f3n del estado de \u00e1nimo que sobreviene exclusivamente por d\u00e9ficits bioqu\u00edmicos.<\/h3>\n<p>No podemos olvidar que toda depresi\u00f3n tiene un contexto biogr\u00e1fico, personal y social, que el terapeuta debe intentar comprender y explicar. En ciertas personas es un modo de relacionarse con la vida, quiz\u00e1s aprendido y practicado desde la infancia; a menudo es un grito de socorro,\u00a0 en otras es una agresi\u00f3n, en otras es un \u201cintento de soluci\u00f3n\u201d\u2026 Ni que decir tiene que llegados a un punto, <strong>necesitamos ayuda<\/strong>.<\/p>\n<p>El desgaste que tiene para uno mismo y para los que nos rodean hace absolutamente necesaria la intervenci\u00f3n de dos profesionales: un psiquiatra y un psic\u00f3logo.<\/p>\n<p><strong>No hay que dejar esperar, la depresi\u00f3n siempre va a m\u00e1s.<\/strong><\/p>\n","protected":false},"excerpt":{"rendered":"<p>La depresi\u00f3n no es s\u00f3lo una alteraci\u00f3n del estado de \u00e1nimo que sobreviene exclusivamente por d\u00e9ficits bioqu\u00edmicos. No podemos olvidar que toda depresi\u00f3n tiene un contexto biogr\u00e1fico, personal y social, que el terapeuta debe intentar comprender y explicar. En ciertas personas es un modo de relacionarse con la vida, quiz\u00e1s aprendido y practicado desde la [&hellip;]<\/p>\n","protected":false},"author":1,"featured_media":0,"parent":73,"menu_order":8,"comment_status":"closed","ping_status":"open","template":"","meta":{"footnotes":""},"_links":{"self":[{"href":"https:\/\/www.aprende-mas.es\/index.php?rest_route=\/wp\/v2\/pages\/169"}],"collection":[{"href":"https:\/\/www.aprende-mas.es\/index.php?rest_route=\/wp\/v2\/pages"}],"about":[{"href":"https:\/\/www.aprende-mas.es\/index.php?rest_route=\/wp\/v2\/types\/page"}],"author":[{"embeddable":true,"href":"https:\/\/www.aprende-mas.es\/index.php?rest_route=\/wp\/v2\/users\/1"}],"replies":[{"embeddable":true,"href":"https:\/\/www.aprende-mas.es\/index.php?rest_route=%2Fwp%2Fv2%2Fcomments&post=169"}],"version-history":[{"count":7,"href":"https:\/\/www.aprende-mas.es\/index.php?rest_route=\/wp\/v2\/pages\/169\/revisions"}],"predecessor-version":[{"id":205,"href":"https:\/\/www.aprende-mas.es\/index.php?rest_route=\/wp\/v2\/pages\/169\/revisions\/205"}],"up":[{"embeddable":true,"href":"https:\/\/www.aprende-mas.es\/index.php?rest_route=\/wp\/v2\/pages\/73"}],"wp:attachment":[{"href":"https:\/\/www.aprende-mas.es\/index.php?rest_route=%2Fwp%2Fv2%2Fmedia&parent=169"}],"curies":[{"name":"wp","href":"https:\/\/api.w.org\/{rel}","templated":true}]}}