{"id":167,"date":"2014-03-03T16:30:48","date_gmt":"2014-03-03T16:30:48","guid":{"rendered":"https:\/\/www.aprende-mas.es\/?page_id=167"},"modified":"2014-07-10T12:25:52","modified_gmt":"2014-07-10T12:25:52","slug":"psiconotrucion","status":"publish","type":"page","link":"https:\/\/www.aprende-mas.es\/?page_id=167","title":{"rendered":"Psiconutruci\u00f3n"},"content":{"rendered":"<h3><a href=\"https:\/\/www.aprende-mas.es\/wp-content\/uploads\/2014\/03\/Psiconutrici\u00f3n.jpg\"><img decoding=\"async\" loading=\"lazy\" class=\"size-medium wp-image-190 alignright\" alt=\"Psiconutrici\u00f3n\" src=\"https:\/\/www.aprende-mas.es\/wp-content\/uploads\/2014\/03\/Psiconutrici\u00f3n-300x224.jpg\" width=\"300\" height=\"224\" srcset=\"https:\/\/www.aprende-mas.es\/wp-content\/uploads\/2014\/03\/Psiconutrici\u00f3n-300x224.jpg 300w, https:\/\/www.aprende-mas.es\/wp-content\/uploads\/2014\/03\/Psiconutrici\u00f3n.jpg 467w\" sizes=\"(max-width: 300px) 100vw, 300px\" \/><\/a>\u00bfMe pongo a dieta y ya? \u00bfCu\u00e1ndo est\u00e9 delgado\/a todo habr\u00e1 terminado?<\/h3>\n<p>Lamentablemente en muchas ocasiones parece que no es tan f\u00e1cil. Cuando he alcanzado mi objetivo parece que un mecanismo autom\u00e1tico interior se lanza como un resorte y el cuerpo quiere volver a ser como era, es decir, gordo. \u00bfPor qu\u00e9? Porque el cuerpo tiene que ir acorde con la mente.<\/p>\n<p>Si tengo \u201cmente de gordo\/a\u201d mi cuerpo le obedecer\u00e1.<br \/>\nAs\u00ed que a las dietas les falta algo fundamental: entrenar a la mente mientras sanamos y ense\u00f1amos al cuerpo. Y ah\u00ed entramos nosotros los psic\u00f3logos. <strong>Aprende M\u00e1s<\/strong> cuenta con un programa propio dise\u00f1ado espec\u00edficamente para ayudarte a cambiar, moldear tu mente y que deje de pensar que \u201cnecesita\u201d estar gorda, que no es necesario.<\/p>\n<p>Nosotros te ayudaremos a ver y a trabajar qu\u00e9 hay debajo y c\u00f3mo solucionarlo. Ya has probado multitud de dietas, atr\u00e9vete con la definitiva, con la que ir\u00e1s al origen, con la \u00fanica que perder\u00e1s peso y \u201ccrecer\u00e1s\u201d.<\/p>\n","protected":false},"excerpt":{"rendered":"<p>\u00bfMe pongo a dieta y ya? \u00bfCu\u00e1ndo est\u00e9 delgado\/a todo habr\u00e1 terminado? Lamentablemente en muchas ocasiones parece que no es tan f\u00e1cil. Cuando he alcanzado mi objetivo parece que un mecanismo autom\u00e1tico interior se lanza como un resorte y el cuerpo quiere volver a ser como era, es decir, gordo. \u00bfPor qu\u00e9? Porque el cuerpo [&hellip;]<\/p>\n","protected":false},"author":1,"featured_media":0,"parent":73,"menu_order":7,"comment_status":"closed","ping_status":"open","template":"","meta":{"footnotes":""},"_links":{"self":[{"href":"https:\/\/www.aprende-mas.es\/index.php?rest_route=\/wp\/v2\/pages\/167"}],"collection":[{"href":"https:\/\/www.aprende-mas.es\/index.php?rest_route=\/wp\/v2\/pages"}],"about":[{"href":"https:\/\/www.aprende-mas.es\/index.php?rest_route=\/wp\/v2\/types\/page"}],"author":[{"embeddable":true,"href":"https:\/\/www.aprende-mas.es\/index.php?rest_route=\/wp\/v2\/users\/1"}],"replies":[{"embeddable":true,"href":"https:\/\/www.aprende-mas.es\/index.php?rest_route=%2Fwp%2Fv2%2Fcomments&post=167"}],"version-history":[{"count":4,"href":"https:\/\/www.aprende-mas.es\/index.php?rest_route=\/wp\/v2\/pages\/167\/revisions"}],"predecessor-version":[{"id":466,"href":"https:\/\/www.aprende-mas.es\/index.php?rest_route=\/wp\/v2\/pages\/167\/revisions\/466"}],"up":[{"embeddable":true,"href":"https:\/\/www.aprende-mas.es\/index.php?rest_route=\/wp\/v2\/pages\/73"}],"wp:attachment":[{"href":"https:\/\/www.aprende-mas.es\/index.php?rest_route=%2Fwp%2Fv2%2Fmedia&parent=167"}],"curies":[{"name":"wp","href":"https:\/\/api.w.org\/{rel}","templated":true}]}}