{"id":164,"date":"2014-03-03T16:29:34","date_gmt":"2014-03-03T16:29:34","guid":{"rendered":"https:\/\/www.aprende-mas.es\/?page_id=164"},"modified":"2014-05-09T08:30:55","modified_gmt":"2014-05-09T08:30:55","slug":"ansiedad-a-los-examenes","status":"publish","type":"page","link":"https:\/\/www.aprende-mas.es\/?page_id=164","title":{"rendered":"Ansiedad a los \u00e9xamenes"},"content":{"rendered":"<h3><a href=\"https:\/\/www.aprende-mas.es\/wp-content\/uploads\/2014\/03\/ansiedad-examenes.jpg\"><img decoding=\"async\" loading=\"lazy\" class=\"size-medium wp-image-316 alignright\" alt=\"ansiedad-examenes\" src=\"https:\/\/www.aprende-mas.es\/wp-content\/uploads\/2014\/03\/ansiedad-examenes-300x200.jpg\" width=\"300\" height=\"200\" srcset=\"https:\/\/www.aprende-mas.es\/wp-content\/uploads\/2014\/03\/ansiedad-examenes-300x200.jpg 300w, https:\/\/www.aprende-mas.es\/wp-content\/uploads\/2014\/03\/ansiedad-examenes.jpg 500w\" sizes=\"(max-width: 300px) 100vw, 300px\" \/><\/a>La Ansiedad a la Evaluaci\u00f3n es com\u00fan y \u00a0positiva bien dirigida.<\/h3>\n<p>La ansiedad es un mecanismo fisiol\u00f3gico natural que prepara al organismo para enfrentarse a un \u201cComplicaci\u00f3n\u201d. Cuando no cumplimos con <b>las soluciones, cuando nos saltamos las rutinas sanas, <\/b>cuando dejamos para despu\u00e9s lo que deber\u00edamos hacer hoy, en el momento que el autoenga\u00f1o se apodera de nosotros, es aqu\u00ed cuando la Ansiedad se apodera de nosotros y nos hace Sufrir. Somos nosotros mismos los que nos ponemos trampas, nos imponemos m\u00e1ximas inalcanzables o m\u00ednimos inservibles, es decir nos castigamos sin habernos equivocado o nos concedemos placeres aun sin cumplir con los objetivos.<\/p>\n<p>La Ansiedad a los Ex\u00e1menes es muy habitual en la sociedad actual, en la que el deseo debe de ser satisfecho inmediatamente. Un examen es distinto, deseo aprobarlo, pero no puede ser inmediatamente, requiere de un periodo de esfuerzo, sacrificio y dedicaci\u00f3n. Desde Aprende m\u00e1s podemos ayudarte a recuperar la <b>confianza<\/b>, te ense\u00f1aremos a planificar y respetar tus soluciones y planes de trabajo. Aumentaremos tus capacidades y daremos objetividad a la situaci\u00f3n problema. La <b>seguridad<\/b> debe partir de realidades, de hechos y de cambios importantes en el m\u00e9todo de estudio y la motivaci\u00f3n, dot\u00e1ndote de una mejor <b>autoestima<\/b>, respet\u00e1ndote y valor\u00e1ndote m\u00e1s adecuadamente.<\/p>\n","protected":false},"excerpt":{"rendered":"<p>La Ansiedad a la Evaluaci\u00f3n es com\u00fan y \u00a0positiva bien dirigida. La ansiedad es un mecanismo fisiol\u00f3gico natural que prepara al organismo para enfrentarse a un \u201cComplicaci\u00f3n\u201d. Cuando no cumplimos con las soluciones, cuando nos saltamos las rutinas sanas, cuando dejamos para despu\u00e9s lo que deber\u00edamos hacer hoy, en el momento que el autoenga\u00f1o se [&hellip;]<\/p>\n","protected":false},"author":1,"featured_media":0,"parent":73,"menu_order":6,"comment_status":"closed","ping_status":"open","template":"","meta":{"footnotes":""},"_links":{"self":[{"href":"https:\/\/www.aprende-mas.es\/index.php?rest_route=\/wp\/v2\/pages\/164"}],"collection":[{"href":"https:\/\/www.aprende-mas.es\/index.php?rest_route=\/wp\/v2\/pages"}],"about":[{"href":"https:\/\/www.aprende-mas.es\/index.php?rest_route=\/wp\/v2\/types\/page"}],"author":[{"embeddable":true,"href":"https:\/\/www.aprende-mas.es\/index.php?rest_route=\/wp\/v2\/users\/1"}],"replies":[{"embeddable":true,"href":"https:\/\/www.aprende-mas.es\/index.php?rest_route=%2Fwp%2Fv2%2Fcomments&post=164"}],"version-history":[{"count":4,"href":"https:\/\/www.aprende-mas.es\/index.php?rest_route=\/wp\/v2\/pages\/164\/revisions"}],"predecessor-version":[{"id":317,"href":"https:\/\/www.aprende-mas.es\/index.php?rest_route=\/wp\/v2\/pages\/164\/revisions\/317"}],"up":[{"embeddable":true,"href":"https:\/\/www.aprende-mas.es\/index.php?rest_route=\/wp\/v2\/pages\/73"}],"wp:attachment":[{"href":"https:\/\/www.aprende-mas.es\/index.php?rest_route=%2Fwp%2Fv2%2Fmedia&parent=164"}],"curies":[{"name":"wp","href":"https:\/\/api.w.org\/{rel}","templated":true}]}}